is the hundreds digit of 73698285?
2
What is the hundreds digit of 39782189?
1
What is the ten thousands digit of 84870025?
7
What is the hundred millions digit of 322166425?
3
What is the hundred thousands digit of 323579603?
5
What is the millions digit of 1885033293?
5
What is the thousands digit of 6118506321?
6
What is the ten thousands digit of 509221169?
2
What is the millions digit of 996217992?
6
What is the thousands digit of 728654208?
4
What is the hundreds digit of 293940022?
0
What is the tens digit of 44173546?
4
What is the billions digit of 1915130522?
1
What is the tens digit of 163022093?
9
What is the hundreds digit of 1614734025?
0
What is the hundreds digit of 113894203?
2
What is the hundred thousands digit of 799468?
7
What is the millions digit of 825719090?
5
What is the hundreds digit of 22490211?
2
What is the hundreds digit of 1691288335?
3
What is the hundred millions digit of 5798786007?
7
What is the ten millions digit of 663341381?
6
What is the units digit of 1313159687?
7
What is the millions digit of 49969926?
9
What is the thousands digit of 1016476652?
6
What is the tens digit of 51870496?
9
What is the ten thousands digit of 2221974286?
7
What is the millions digit of 125884963?
5
What is the thousands digit of 48117055?
7
What is the ten millions digit of 441292952?
4
What is the hundred thousands digit of 239324977?
3
What is the ten millions digit of 70202871?
7
What is the hundred thousands digit of 130895547?
8
What is the hundred thousands digit of 142966302?
9
What is the thousands digit of 2046612758?
2
What is the hundreds digit of 588079508?
5
What is the millions digit of 118113827?
8
What is the thousands digit of 1896240688?
0
What is the thousands digit of 20389067?
9
What is the ten millions digit of 3609948319?
0
What is the hundred millions digit of 1742336757?
7
What is the millions digit of 37663026?
7
What is the ten millions digit of 63438222?
6
What is the units digit of 389816274?
4
What is the units digit of 909923?
3
What is the tens digit of 8165115859?
5
What is the billions digit of 1533791028?
1
What is the ten millions digit of 2072581162?
7
What is the billions digit of 2458164516?
2
What is the hundreds digit of 37616911?
9
What is the hundreds digit of 59244242?
2
What is the thousands digit of 9543202?
3
What is the ten millions digit of 182615771?
8
What is the billions digit of 1196850450?
1
What is the tens digit of 5284432470?
7
What is the thousands digit of 2970683857?
3
What is the ten millions digit of 368432468?
6
What is the millions digit of 77654789?
7
What is the hundreds digit of 497413074?
0
What is the hundred millions digit of 2886181384?
8
What is the millions digit of 34266379?
4
What is the tens digit of 3426128486?
8
What is the millions digit of 852239159?
2
What is the tens digit of 20742333?
3
What is the tens digit of 232927203?
0
What is the hundred millions digit of 1045926544?
0
What is the hundred millions digit of 488352950?
4
What is the tens digit of 220576676?
7
What is the ten millions digit of 1370162426?
7
What is the ten thousands digit of 115371479?
7
What is the ten millions digit of 866524517?
6
What is the units digit of 437178181?
1
What is the millions digit of 2557277281?
7
What is the hundred millions digit of 141809334?
1
What is the ten thousands digit of 1627698718?
9
What is the hundreds digit of 3196358629?
6
What is the ten thousands digit of 14007387?
0
What is the millions digit of 67766974?
7
What is the ten thousands digit of 416038914?
3
What is the hundreds digit of 5308563436?
4
What is the millions digit of 25917956?
5
What is the ten thousands digit of 47601720?
0
What is the hundred thousands digit of 61903879?
9
What is the thousands digit of 113109297?
9
What is the tens digit of 31592630?
3
What is the hundred millions digit of 112998213?
1
What is the millions digit of 384908407?
4
What is the hundred thousands digit of 268608629?
6
What is the hundred thousands digit of 84252527?
2
What is the hundred thousands digit of 5858323?
8
What is the units digit of 4136363174?
4
What is the millions digit of 119544072?
9
What is the units digit of 8982423?
3
What is the billions digit of 2374130040?
2
What is the millions digit of 46722945?
6
What is the ten thousands digit of 36835566?
3
What is the thousands digit of 22424560?
4
What is the thousands digit of 95527510?
7
What is the hundreds digit of 1140135?
1
What is the tens digit of 4123709936?
3
What is the hundred thousands digit of 55244750?
2
What is the hundreds digit of 558098986?
9
What is the ten thousands digit of 1107115656?
1
What is the hundred millions digit of 589268343?
5
What is the units digit of 77016509?
9
What is the hundred thousands digit of 22847252?
8
What is the ten thousands digit of 799643?
9
What is the hundreds digit of 1090761506?
5
What is the ten thousands digit of 3745635784?
3
What is the millions digit of 4722261230?
2
What is the thousands digit of 328333407?
3
What is the thousands digit of 215883539?
3
What is the units digit of 28267887?
7
What is the hundred thousands digit of 41876926?
8
What is the tens digit of 19088827?
2
What is the thousands digit of 1157957797?
7
What is the hundred thousands digit of 60777968?
7
What is the millions digit of 118569750?
8
What is the hundred millions digit of 577404354?
5
What is the billions digit of 2764172465?
2
What is the thousands digit of 23181871?
1
What is the units digit of 128006730?
0
What is the hundred thousands digit of 1119869367?
8
What is the ten thousands digit of 23841120?
4
What is the tens digit of 71773093?
9
What is the ten millions digit of 190572037?
9
What is the hundreds digit of 907912037?
0
What is the hundred millions digit of 566093151?
5
What is the hundreds digit of 180013570?
5
What is the units digit of 5602486563?
3
What is the thousands digit of 85877579?
7
What is the millions digit of 72393623?
2
What is the ten thousands digit of 1243935657?
3
What is the ten millions digit of 803676686?
0
What is the hundreds digit of 647219491?
4
What is the hundred millions digit of 8503294790?
5
What is the billions digit of 2697506483?
2
What is the hundred thousands digit of 86692491?
6
What is the ten thousands digit of 93032152?
3
What is the millions digit of 330467881?
0
What is the units digit of 25595846?
6
What is the tens digit of 1915418840?
4
What is the millions digit of 39505225?
9
What is the thousands digit of 43390726?
0
What is the units digit of 366935049?
9
What is the tens digit of 60036191?
9
What is the hundreds digit of 3686209700?
7
What is the tens digit of 6500775?
7
What is the thousands digit of 1700359835?
9
What is the thousands digit of 1991705254?
5
What is the billions digit of 1781654025?
1
What is the tens digit of 1279633802?
0
What is the hundreds digit of 333145949?
9
What is the thousands digit of 100202521?
2
What is the millions digit of 220901092?
0
What is the ten thousands digit of 32003273?
0
What is the thousands digit of 212922366?
2
What is the ten thousands digit of 20341338?
4
What is the ten thousands digit of 2901314557?
1
What is the hundred thousands digit of 87887033?
8
What is the ten thousands digit of 8520795?
2
What is the thousands digit of 267637313?
7
What is the millions digit of 45971468?
5
What is the hundred millions digit of 1425011878?
4
What is the tens digit of 2353370492?
9
What is the hundred millions digit of 125135466?
1
What is the millions digit of 111847423?
1
What is the hundreds digit of 1034004924?
9
What is the ten millions digit of 101741935?
0
What is the units digit of 572050944?
4
What is the tens digit of 25588004?
0
What is the ten thousands digit of 65652364?
5
What is the hundred thousands digit of 418169433?
1
What is the millions digit of 44223426?
4
What is the hundred thousands digit of 439757891?
7
What is the hundreds digit of 441331226?
2
What is the tens digit of 873857000?
0
What is the thousands digit of 49327620?
7
What is the thousands digit of 164431286?
1
What is the tens digit of 367309583?
8
What is the hundred thousands digit of 124222187?
2
What is the ten thousands digit of 1534128612?
2
What is the hundred thousands digit of 1493770543?
7
